.
3
-3 + (-4 + 4 - -3)
0
Calculate -11 + 3 + 13 + -4.
1
Evaluate 4 + -1 + (-10 - -10).
3
What is the value of 1 + (-2 - (-1 + (-1 - -4)))?
-3
What is -7 - ((-15 - -3) + 7)?
-2
Calculate 1 - (8 + -9 + 9).
-7
What is -3 + -4 + 1 + 2?
-4
Calculate -4 - (1 - 1 - (-9 + 10)).
-3
Calculate -1 - -2 - 9 - -2.
-6
What is the value of 2 - -3 - (8 - 5)?
2
Evaluate (2 - 7) + (-11 - -21).
5
Evaluate (-12 - -3) + 2 - 0.
-7
What is 2 - (11 + -7 - (5 + 1))?
4
What is the value of -10 - (13 + 0 + -12)?
-11
What is the value of 9 - 2 - (23 + -10)?
-6
What is (3 - 1) + -5 + 4?
1
-2 + -2 - (-13 - (-5 + -1))
3
Evaluate (0 - -4 - 3) + 3 + 1.
5
(-4 - -4) + (2 - 1) + 2
3
Calculate 1 + 7 - ((-1 - 7) + 12).
4
What is the value of (4 + -1 + -3 - 0) + 0?
0
Calculate -3 - (-5 - (-10 + 7)).
-1
What is (-1 - 1) + (-13 + -6 - -15)?
-6
Calculate (-25 - -18) + 2 + 2.
-3
Evaluate (4 - 9) + 7 + 4 + -1.
5
Calculate -9 + (6 - (3 - (5 - 3))).
-4
What is the value of (0 - -5) + (-3 - -4)?
6
What is the value of -10 + 3 + 2 + 9?
4
What is the value of 9 + (-3 - 1) + 0 + 2?
7
1 + -4 + -1 + 9
5
Calculate -2 + 16 + -9 - (1 - -1).
3
-2 - (5 + -5 - 3)
1
12 + 4 + -11 + (11 - 8)
8
Calculate (-5 - (-1 + -2)) + -30 + 24.
-8
Evaluate -8 + -3 + (9 - 1).
-3
What is (35 - 41) + 6 + 1?
1
16 - 11 - (1 + 2)
2
Evaluate (2 - (2 - -8 - 7)) + -2.
-3
What is the value of 0 + 6 + (4 - 6)?
4
Evaluate 0 + (1 - 0) + 1 + -3.
-1
What is (2 + -2 - -1) + 6 + -7?
0
4 - (15 + -1 - 7)
-3
Evaluate (-2 + -2 - -9) + 0.
5
3 + -1 - (13 - (2 + 3))
-6
Evaluate 7 + -7 - (-1 + 5) - -8.
4
Calculate (3 - (5 + 3)) + (11 - 2).
4
What is the value of -5 + 0 + (-3 - -4) + 1?
-3
What is the value of -2 + 7 - (-6 + 14) - -7?
4
What is 7 + (-17 + 17 - (-2 - -2))?
7
(-6 - 0) + (2 - -4) + 0
0
Calculate -60 + 59 - (-1 - 0 - 0).
0
What is the value of 2 - (-8 - (-7 + -2))?
1
Evaluate -2 - -5 - (1 + -2 + 9).
-5
What is the value of 3 + 4 - (1 - -9)?
-3
11 - 16 - (-7 - -2)
0
-4 - (10 + -6 + -3)
-5
What is the value of -3 - (6 - 8) - 2?
-3
What is the value of 6 - 4 - (9 - 2)?
-5
Calculate 0 + (1 - 0 - (8 + -6)).
-1
Evaluate -7 + 3 + (7 - -1).
4
Calculate 132 + -133 + (0 - -9).
8
What is the value of -6 + (-7 - -5) + 1?
-7
Evaluate (-19 - -13) + (2 + -4 - -17).
9
Calculate -1 + 6 + -7 + (0 - -5).
3
Evaluate -3 + 4 + (1 - (1 - 0)).
1
Evaluate (11 - 12) + -5 - (-2 - -3).
-7
2 + (2 - 4) + 0
0
Evaluate -17 + 16 + (5 - 1).
3
Calculate 2 - (-6 + 6) - 9.
-7
What is 14 - (11 + -1) - (1 - -2)?
1
Evaluate -1 + -4 - (-10 + 0 + 6).
-1
Calculate -4 + 1 + 0 + 7 + 0.
4
-12 - -11 - (-1 + 5)
-5
What is 7 + (-10 - -3) + 1 + 2?
3
3 - (-4 + (-6 - -11) + -5)
7
What is the value of -4 + (-7 - -2) + 10?
1
What is -3 + -2 + (-2 - -9)?
2
16 + -19 + -2 + 6
1
Evaluate (3 - 5) + (2 - (1 + 4)).
-5
What is (2 - 2) + (-3 - -1) - -7?
5
What is 12 + -8 + (-6 - -10)?
8
Calculate -6 - -2 - (-6 - -2).
0
What is (-10 + 1 - -3) + 13 + -5?
2
What is -9 + 12 + 5 + (0 - 2)?
6
What is 1 + 1 - (5 + -8 + 3)?
2
What is 0 + -1 + 4 + -7?
-4
Evaluate 8 - ((-7 - -6) + -1 + 4).
6
What is -2 + (0 + 4 - (9 + -3))?
-4
What is 1 + 4 - (22 - 14)?
-3
What is -14 + (-21 - -28) + (1 - -4)?
-2
What is the value of (5 - (17 - (0 - -6))) + -1?
-7
Calculate -8 + 4 + (-1 - -5).
0
(15 - 0) + -7 - (16 - -1)
-9
What is the value of -1 + -8 + 7 + 3?
1
Calculate (0 - (6 + (-2 - 4))) + -6.
-6
Evaluate 12 + -5 + -5 + 1 + -6.
-3
0 - (13 - 1) - -11
-1
Calculate -6 - 0 - (-7 + 4 + 3).
-6
Evaluate 5 + -4 + (-1 - (-5 + 2)).
3
What is -5 - ((0 - (2 - -2)) + -5)?
4
What is (-4 - -1 - 0) + 0?
-3
What is the value of 2 - (2 + (2 - 2))?
0
Evaluate -12 + 6 + 9 + -10.
-7
Calculate (0 - 0 - 3) + 20 + -22.
-5
(-2 - 0) + -6 + (7 - 4)
-5
What is -1 + 3 - (5 - (2 - -5))?
4
What is the value of 1 - 9 - (1 - 5) - -8?
4
Calculate (-1 - (-2 - -3)) + 0 - 1.
-3
Calculate -10 + (-6 - -12 - 1).
-5
Calculate (-9 - (9 - 15)) + 11.
8
What is -2 + (7 + -9 - -7)?
3
What is 0 + 3 + (4 - (8 + -3))?
2
Calculate (-10 + -4 - 0) + 3.
-11
What is the value of 9 - (7 + 1) - (0 - -3)?
-2
Evaluate (8 - 3 - 10) + -5 + 5.
-5
What is the value of 3 - (12 + 7 + -13 - 0)?
-3
Evaluate -1 + 2 - (-19 + 15).
5
What is the value of 1 + 6 - (7 - (4 + 0))?
4
What is (20 - 13) + (-11 - (1 - -4))?
-9
(0 + 1 - (22 - 19)) + 3
1
Calculate (10 - (23 + -5)) + (5 - 1).
-4
(-5 + (0 - -5) - 1) + 1
0
Evaluate 9 - 2 - (-1 - 1 - -5).
4
What is -3 + 17 + -7 + -8?
-1
-9 + 2 + -3 + 9
-1
-5 + 0 + 2 - (0 + -1)
-2
Evaluate -4 - (3 - 4) - -8.
5
Calculate -19 + 4 - (4 - 14).
-5
Evaluate (231 - 238) + (6 + -1 - 0).
-2
What is the value of 2 - 1 - (-4 - 0)?
5
What is 2 - ((-7 - -5) + 4 - 4)?
4
What is the value of 0 - (-3 + -5 + 3)?
5
What is the value of 20 - 17 - (1 - (0 - 1))?
1
What is -3 + 3 + 2 - 5?
-3
What is (3 - (-2 + 1 - -1)) + 1?
4
9 + 0 + 52 + -52 + -8
1
Evaluate -5 + -10 + 24 + -13.
-4
What is the value of (-7 + 2 - -2 - -1) + 1?
-1
What is the value of -13 - ((-2 - 7) + 2)?
-6
Calculate -4 - (-8 + -2 + -4) - 4.
6
What is 5 + -3 + -2 + 1 + -4?
-3
3 + 1 - (-3 + 1 + 5)
1
Calculate -11 + (22 - (10 - 6)).
7
Evaluate (4 - (-9 + 8)) + (1 - 2).
4
Evaluate 6 - ((9 + -3 - -1) + 2).
-3
What is the value of -18 - (-25 - (-3 - 11))?
-7
What is 6 + 7 + -15 - 2?
-4
Calculate -2 + 17 + -3 + -7.
5
What is -3 - (-5 - -4) - -5?
3
Calculate 1 + (-1 - (2 - (1 - 3))).
-4
13 + -20 + (3 - -1)
-3
Calculate 4 + -1 + -2 + 2 + 2.
5
Evaluate -5 - 0 - (3 - (9 - 2)).
-1
Evaluate 12 - (6 + 2 + (-5 - -5)).
4
(-2 - (-6 - -7)) + -5 + 1
-7
What is the value of 2 + 2 + 10 - (3 - -4)?
7
(-6 - (-18 + 5)) + -7
0
What is the value of 6 - 1 - (1 + 8 + -3)?
-1
-1 + -6 + 13 + (2 - 1)
7
Evaluate -13 + (-6 + -8 - -22).
-5
What is 2 - (1 - 4) - 1?
4
-1 - (0 + (-5 - -3 - -6))
-5
(-4 - 0) + -3 + 12
5
Evaluate 2 + -2 + 1 + 3 - 0.
4
Calculate -6 + 5 - -8 - 8.
-1
-13 + 0 - -6 - -2
-5
Evaluate -4 - (-1 - 3 - 0).
0
What is 0 - (4 + 4) - -11?
3
Calculate -8 - (-27 - -8 - (5 + -8)).
8
What is -2 - 0 - (9 + -11)?
0
What is -1 + (4 + 2 - 0) + -1?
4
(-8 - -7) + (-1 + 2 - 3)
-3
What is the value of 0 - (-5 - (6 + -5 - 3))?
3
Evaluate (4 - (-2 - -7)) + (1 - 1).
-1
-9 + -14 + 23 + -9
-9
Calculate 0 + 2 + (-15 - -15).
2
Evaluate 1 - 0 - (-5 - (-2 + -1)).
3
What is 2 + (-3 - (8 - 3)) + 1?
-5
(4 - 0) + (-4 - -1) + -5
-4
(-6 + -5 + 7 - -7) + -10
-7
Evaluate (-5 - 3 - (3 + -10)) + -8.
-9
-26 + 28 + 6 + 1
9
Calculate 4 + -1 - 0 - 3.
0
Calculate 0 + -2 - (4 + -5).
-1
-5 - (-9 - (5 - 3))
6
Calculate 12 - (26 - (0 + 13)).
-1
What is the value of 9 - (9 - (10 + -5))?
5
What is -1 + -1 + (71 - 63)?
6
Calculate (-5 - 0) + -3 + (2 - -8).
2
(28 - 33 - (2 - 0)) + 8
1
-5 + (3 + 0 - 1) - -6
3
What is the value of (1 - 1) + 3 + -7?
-4
(2 - (5 - 4)) + -4 + 5
2
What is the value of 8 + (1 - (5 + (5 - 4)))?
3
Evaluate (3 - -2 - (-2 + 8)) + 6.
5
What is the value of (-6 + 3 - 1) + 1 + 5?
2
Evaluate -24 - -28 - (1 + 6).
-3
-2 + 7 - (-10 + 11)
4
What is (-57 - -60) + -1 + -2?
0
Calculate -10 - -9 - -1 - (0 + -1).
1
Calculate (-7 - -6 - 9) + 10.
0
2 + 1 + (-3 - 1 - -2)
1
(-3 - (-4 + 2)) + 1 + -1
-1
What is the value of (8 - (1 - -6)) + -5 + -1?
-5
Calculate -4 + (3 - 2 - -1) + 2.
0
What is the value of -3 + (-1 + -4 - -1)?
-7
Calculate -37 + 30 - (-4 - -2 - 0).
-5
Calculate (1 - 2) + (-1 - -5).
3
Calculate (-7 - -11 - -4) + -4.
4
What is 0 + (6 - 4) + -3 + 3?
2
What is 0 + -5 + 11 + -7?
-1
Evaluate (0 - (6 - 1)) + (-2 - -4).
-3
Calculate -7 + 2 - 0 - -8.
3
Evaluate -4 - 3 - (34 - 38).
-3
Calculate -1 + (-2 - 9 - -5).
-7
What is the value of -8 + (-4 - -6) - (-3 - 0)?
-3
Evaluate 3 + 8 + -3 + -12.
-4
Calculate 2 + -8 + 6 + -2 + -5.
-7
Calculate -2 + (-7 + 8 - (-1 - 0)).
0
1 - 0 - (-3 - (2 + -4))
2
0 + -2 + 1 + 3 + 1
3
Calculate 0 - (3 + (-2 - (-4 + 9))).
4
Calculate 2 - (-3 - ((-1 - -1) + -2)).
3
Evaluate 6 - (15 + -7 - -1).
-3
0 - (-1 + 5 + (-1 - 2))
-1
Evaluate 1 + -4 - -10 - 6 - 0.
1
-6 - (10 + -20) - (3 + -2)
3
-1 - (-8 - (-9 + 3) - -2)
-1
What is the value of 1 + -1 + 5 + -2 - 2?
1
Evaluate 1 - (1 + -1 + 9 + -9).
1
Calculate -45 + 33 - (1 + -8).
-5
What is 6 + (-2 - -2) + -1 + -6?
-1
3 + (4 - 4) - (0 - -1)
2
Evaluate 3 + -4 + (-2 - -2).
-1
What is the value of -13 + (-4 + 0 + 0 - -10)?
-7
Calculate 9 - (-2 - (-8 + -3)).
0
What is the value of -4 + 1 + 5 + 1 + -1?
2
What is the value of (-45 - -37) + (7 - 3)?
-4
Evaluate (-13 - -12) + (4 - 0) - 6